-r**3 - 36*r**2 - 34*r + 287. What is i(-35)?
252
Let t(s) = -s**3 - 290*s**2 + 591*s + 2068. Calculate t(-292).
24
Let j(v) = -321*v - 10247. Determine j(-32).
25
Let y(p) = 3*p**2 + 221*p + 1918. Calculate y(-10).
8
Let x(j) = j**3 - 106*j**2 + 1793*j - 307. What is x(85)?
373
Let k(i) = 2*i**3 - 1520*i**2 + 7564*i - 5. Give k(5).
65
Let c(x) = 1056*x - 1782. Give c(3).
1386
Let a(v) = -108241*v - 324753. Determine a(-3).
-30
Let f(n) = -3*n**2 - 49*n + 976. Give f(14).
-298
Let s(j) = -1765*j - 564791. Give s(-320).
9
Let b(v) = 30*v**3 + 3599*v**2 + 7210*v + 8. Give b(-2).
-256
Let j(y) = y**2 - 8914*y + 53464. Calculate j(6).
16
Let f(j) = 122818*j + 57970099. Calculate f(-472).
3
Let c(g) = g**3 + 30611*g + 91864. Calculate c(-3).
4
Let w(j) = 716*j - 11461. Give w(16).
-5
Let c(x) = -8*x**2 + 1220*x - 44765. What is c(91)?
7
Let j(o) = -o**2 + 56014*o + 224065. Give j(-4).
-7
Let o(b) = 4*b**3 + 7*b**2 + 347*b + 699. Calculate o(-2).
1
Let v(m) = -622*m + 32352. Determine v(52).
8
Let m(o) = 1967*o - 14496. Determine m(6).
-2694
Let j(i) = -3*i**3 - 254*i**2 + 83*i - 198. Determine j(-85).
-28
Let k(x) = -x**3 - 4*x**2 + 2912*x - 393. What is k(-56)?
-393
Let h(q) = q**3 - 249*q**2 - 1034*q + 5650. Calculate h(253).
84
Let w(q) = -221930*q + 1109646. Calculate w(5).
-4
Let n(g) = g**3 - 8*g**2 - 343*g - 1694. Give n(-7).
-28
Let f(n) = 1470*n - 51443. Give f(35).
7
Let t(l) = 3*l**2 + 51*l + 37. What is t(-15)?
-53
Let d(g) = -2*g**3 + 525*g**2 - 235*g - 2847. Give d(262).
4227
Let v(i) = 2215*i + 85617. Determine v(-39).
-768
Let j(i) = 34*i**2 - 1768*i + 1702. Determine j(51).
-32
Let l(z) = 4*z**3 - z**2 - 109*z + 495. Calculate l(4).
299
Let i(s) = s**3 + s**2 - 477*s + 2198. Calculate i(5).
-37
Let m(g) = g**3 + 221*g**2 - 3044*g - 496. Calculate m(-234).
-28
Let o(b) = -b**3 + 403*b**2 - 3529*b - 6696. Give o(394).
2
Let w(v) = -v**3 + 411*v**2 - 846*v + 11361. What is w(409)?
-91
Let a(w) = w**2 + 74*w + 947. Determine a(-31).
-386
Let o(b) = -54*b**2 + 202*b - 245. Determine o(8).
-2085
Let v(l) = 33*l**2 - 2345*l - 7035. Give v(-3).
297
Let w(s) = s**3 + 2722*s**2 - 540889*s + 197. Give w(186).
11
Let w(t) = -477*t - 805. Give w(2).
-1759
Let q(u) = u**2 + 13259*u - 318804. Calculate q(24).
-12
Let t(x) = x**3 - 118*x**2 + 575*x + 720. Calculate t(113).
1850
Let y(m) = m**3 + 2*m**2 + 262*m + 2103. What is y(-8)?
-377
Let d(f) = -116*f**2 + 555*f + 14973. Determine d(14).
7
Let p(s) = -4105*s - 45107. Calculate p(-11).
48
Let z(b) = 29203*b + 87600. What is z(-3)?
-9
Let t(q) = 273*q + 18559. Determine t(-68).
-5
Let m(g) = -947*g**2 + 56*g - 87. What is m(2)?
-3763
Let j(x) = x**3 - 30*x**2 + 22*x - 46. Calculate j(30).
614
Let i(a) = a**3 + 361*a**2 - 1432*a + 10177. Calculate i(-365).
-43
Let f(h) = 31046*h + 1800703. Calculate f(-58).
35
Let b(a) = -1458*a - 221107. Determine b(-152).
509
Let s(c) = -c**3 + 42*c**2 + 1464*c + 1231. What is s(-22)?
-1
Let d(h) = -47*h**2 - 97*h + 2263. Calculate d(6).
-11
Let r(g) = g**3 + 110*g**2 - 121*g - 427. Give r(-111).
683
Let b(c) = 436*c - 3643. Give b(9).
281
Let l(s) = -2*s**3 + 26*s**2 - 12*s + 126. Calculate l(13).
-30
Let s(w) = -24*w**2 - 443*w - 1369. Give s(-6).
425
Let o(m) = 191*m + 4948. Give o(-24).
364
Let j(q) = 719*q - 15801. What is j(22)?
17
Let b(a) = -606*a - 8821. Give b(-15).
269
Let y(m) = -m**3 + 167*m**2 + 1680*m - 306459. Determine y(166).
-23
Let q(t) = -166*t**3 + 127489*t**2 - 760*t - 6167. Calculate q(768).
-23
Let v(m) = 594*m - 34447. Calculate v(58).
5
Let v(k) = 2*k**3 + 6*k**2 - 1139*k - 4542. Calculate v(-4).
-18
Let o(q) = -11823*q + 60517. Calculate o(5).
1402
Let h(l) = -l**3 + 173*l**2 + 13137*l - 6198. What is h(230)?
12
Let m(u) = -53*u + 1606. Determine m(26).
228
Let l(f) = -14882*f - 89286. Determine l(-6).
6
Let f(n) = -197*n**2 - 5252*n + 1818. Determine f(-27).
9
Let k(h) = -h**3 + 36*h**2 - 100*h + 690. What is k(36)?
-2910
Let a(p) = 14*p + 1220. Determine a(-41).
646
Let z(l) = -41*l**2 + 5656*l - 5652. What is z(1)?
-37
Let u(x) = 104*x + 889. What is u(-10)?
-151
Let t(d) = -3*d**3 - 61*d**2 - 74*d + 136. Calculate t(1).
-2
Let q(l) = 302*l + 11919. What is q(-40)?
-161
Let p(u) = 4*u**2 + 348*u - 419. Calculate p(-88).
-67
Let z(r) = r**3 - 1063*r**2 + 653*r - 1826889. Determine z(1064).
-1
Let o(u) = u**3 + 21*u**2 + 27*u - 991. Determine o(-13).
10
Let z(k) = 166*k + 10797. What is z(-54)?
1833
Let r(n) = n**2 - 371*n + 20942. What is r(70)?
-128
Let p(i) = -950*i**2 + 2868*i + 2. What is p(3)?
56
Let p(v) = v**3 - 11*v**2 + 96139*v - 672785. Give p(7).
-8
Let w(r) = r**3 - 22*r**2 - 317*r - 34. Calculate w(-9).
308
Let j(p) = -3*p**2 + 1344*p - 31723. Determine j(423).
2
Let u(y) = 2044*y - 24814. Calculate u(12).
-286
Let a(w) = 3089*w + 358314. Determine a(-116).
-10
Let i(k) = -k**3 + 70*k**2 + 197*k - 166. What is i(73)?
-1772
Let j(p) = 14*p**3 - 6*p**2 - 786*p - 4653. Determine j(-6).
-3177
Let i(c) = c**3 - 17*c**2 + 106*c - 1792. Determine i(17).
10
Let q(n) = -3*n**2 + 83*n - 87. Give q(15).
483
Let n(g) = g**3 + 39*g**2 - 487*g + 703. Calculate n(-48).
3343
Let s(h) = 2*h**3 + 9*h**2 - 49944*h - 299550. Give s(-6).
6
Let i(w) = -2*w**3 - w + 1. Determine i(5).
-254
Let t(q) = -2*q**2 + 115680*q - 3584127. Give t(31).
31
Let o(p) = 40*p**3 - 208*p**2 - 8*p + 53. Determine o(5).
-187
Let b(d) = -3*d**3 - 341*d**2 + 37*d - 8494. Determine b(-114).
284
Let m(d) = 1260*d + 12499. What is m(-9)?
1159
Let f(n) = -325*n**2 - 2274*n + 2. Determine f(-7).
-5
Let h(k) = -4414*k + 141250. What is h(32)?
2
Let l(v) = 1192*v + 39738. Determine l(-33).
402
Let p(y) = 30432*y + 1095562. Determine p(-36).
10
Let j(l) = -24*l**2 - 248*l - 2026. What is j(-8)?
-1578
Let k(i) = -3*i**2 - 100*i - 645. What is k(-25)?
-20
Let c(j) = 339*j + 30611. What is c(-97)?
-2272
Let m(s) = 38014*s - 37968. Determine m(1).
46
Let u(y) = -y**3 + 1226*y**2 + 2353*y + 126479. What is u(1228)?
-5
Let f(m) = -5*m**2 - 173*m - 53. Give f(-40).
-1133
Let g(u) = u**2 + 228*u - 8320. What is g(30)?
-580
Let x(c) = 2*c**3 - 187*c**2 - 828*c + 68841. What is x(94)?
-155
Let u(r) = 29508*r - 471764. What is u(16)?
364
Let b(o) = -o**2 + 41982*o - 461674. Determine b(11).
7
Let k(a) = 13*a**2 + 285*a - 4197. What is k(-32)?
-5
Let f(w) = -2*w**2 - 696*w - 55164. What is f(-226)?
-20
Let y(v) = 12*v**2 - 755*v + 1414. Calculate y(61).
11
Let d(u) = -2*u**3 + 144*u**2 + 2955*u + 6328. Give d(89).
9
Let p(i) = 41*i**2 + 7201*i - 125686. What is p(16)?
26
Let a(f) = f**3 + 117*f**2 + 2696*f - 10461. Determine a(-83).
-3
Let p(v) = -3*v**2 - 184*v + 6781. Give p(-87).
82
Let w(f) = -1766418*f + 1766409. Give w(1).
-9
Let p(r) = -12141*r**2 - 12153*r - 14. What is p(-1)?
-2
Let g(i) = -i**2 - 132*i - 509. What is g(-12)?
931
Let b(l) = 13*l**2 + 1247*l + 1250. What is b(-1)?
16
Let b(i) = 8*i**2 + 549*i - 1304. Determine b(-71).
45
Let m(z) = -234*z - 31037. Determine m(-126).
-1553
Let u(v) = -197*v**2 - 4754*v - 4749. Determine u(-1).
-192
Let u(r) = -r**3 - 44*r**2 - 634*r - 2516. What is u(-6)?
-80
Let i(b) = 4*b**3 - 47*b**2 + 34*b - 152. Determine i(14).
2088
Let l(y) = y**2 + 711*y - 711817. Calculate l(560).
-57
Let x(f) = -2*f**3 + 27*f**2 + 211*f + 234. Give x(-5).
104
Let j(u) = 106*u - 10034. Determine j(95).
36
Let g(h) = -2*h**2 + 22*h + 54. Calculate g(28).
-898
Let h(k) = -949*k**2 + 78770*k - 353. Determine h(83).
-104
Let o(c) = 971*c + 19522. Calculate o(-20).
102
Let o(j) = -4*j**3 + 148*j**2 + 39*j - 445. Determine o(37).
998
Let v(y) = -y**2 - 240*y - 9330. What is v(-49)?
29
Let q(f) = 3690*f - 14526. What is q(4)?
234
Let i(n) = n**2 + 6350*n + 107669. What is i(-17)?
8
Let w(r) = -1406*r**2 + 14052*r - 46. Calculate w(10).
-126
Let h(r) = 187*r**2 - 2067*r + 105. Calculate h(11).
-5
Let b(n) = 1358*n - 17601. Determine b(13).
53
Let n(q) = -q**3 - 31*q**2 - 189*q + 672. What is n(-19)?
-69
Let t(u) = -4*u**3 - 92*u**2 - 80*u + 163. What is t(-22)?
-13
Let a(d) = -986*d - 3942. What is a(-4)?
2
Let c(i) = -i**2 + 156*i + 34. Determine c(164).
-1278
Let r(i) = 12841*i - 435785. Determine r(34).
809
Let n(l) = -439*l + 114942. What is n(253)?
3875
Let t(h) = 58*h**3 - 10*h**2 - 10*h + 1. Calculate t(-1).
-57
Let r(i) = 13*i**2 - 4938*i - 767